1
What is the remainder when 22461 is divided by 36?
33
Calculate the remainder when 2412289 is divided by 7563.
7255
Calculate the remainder when 467870 is divided by 467766.
104
Calculate the remainder when 15351710 is divided by 14.
10
What is the remainder when 41432803 is divided by 2095?
2083
Calculate the remainder when 7945 is divided by 573.
496
Calculate the remainder when 8193318 is divided by 237.
228
Calculate the remainder when 8226153 is divided by 43.
38
What is the remainder when 1641778 is divided by 12344?
26
Calculate the remainder when 1702924 is divided by 876.
856
Calculate the remainder when 2009867 is divided by 213.
212
What is the remainder when 30688821 is divided by 425?
421
What is the remainder when 608172 is divided by 99?
15
Calculate the remainder when 3235186 is divided by 143.
97
Calculate the remainder when 91801 is divided by 2481.
4
Calculate the remainder when 1239843 is divided by 974.
915
What is the remainder when 115863 is divided by 336?
279
What is the remainder when 30464 is divided by 1218?
14
What is the remainder when 551869 is divided by 36790?
19
What is the remainder when 2939319 is divided by 576?
567
Calculate the remainder when 185360 is divided by 3154.
2428
Calculate the remainder when 1794619 is divided by 598194.
37
What is the remainder when 25836 is divided by 3732?
3444
Calculate the remainder when 1742456 is divided by 580738.
242
What is the remainder when 11218659 is divided by 161?
18
Calculate the remainder when 11943926 is divided by 72.
62
Calculate the remainder when 335608 is divided by 259.
203
What is the remainder when 2509108 is divided by 418183?
10
What is the remainder when 330466 is divided by 503?
498
Calculate the remainder when 76277 is divided by 6755.
1972
Calculate the remainder when 169064 is divided by 287.
21
Calculate the remainder when 3612724 is divided by 57.
7
What is the remainder when 8546 is divided by 3356?
1834
What is the remainder when 114133 is divided by 14156?
885
Calculate the remainder when 20647505 is divided by 65.
60
What is the remainder when 765596 is divided by 109369?
13
What is the remainder when 37085302 is divided by 511?
499
What is the remainder when 326207 is divided by 1165?
7
Calculate the remainder when 164883 is divided by 213.
21
What is the remainder when 4887773 is divided by 286?
33
What is the remainder when 84595 is divided by 42264?
67
Calculate the remainder when 11990507 is divided by 2997623.
15
Calculate the remainder when 247131 is divided by 60887.
3583
Calculate the remainder when 1142802 is divided by 1142643.
159
What is the remainder when 543754 is divided by 547?
36
What is the remainder when 6732216 is divided by 50?
16
What is the remainder when 113479 is divided by 5901?
1360
What is the remainder when 1643317 is divided by 1429?
1396
What is the remainder when 227130 is divided by 226732?
398
Calculate the remainder when 19596 is divided by 4141.
3032
What is the remainder when 8334707 is divided by 597?
587
What is the remainder when 4639190 is divided by 92?
90
Calculate the remainder when 27734 is divided by 44.
14
Calculate the remainder when 16779876 is divided by 5593269.
69
Calculate the remainder when 55951223 is divided by 14.
13
What is the remainder when 830701 is divided by 2620?
161
What is the remainder when 88626455 is divided by 14722?
15
Calculate the remainder when 4290015 is divided by 60422.
53
Calculate the remainder when 1388251 is divided by 83.
76
Calculate the remainder when 8318362 is divided by 87557.
447
Calculate the remainder when 1111967 is divided by 78.
77
Calculate the remainder when 208834392 is divided by 1711.
1709
Calculate the remainder when 792116 is divided by 3552.
20
What is the remainder when 39873991 is divided by 3281?
3279
Calculate the remainder when 1933437 is divided by 19142.
95
What is the remainder when 72540 is divided by 71503?
1037
What is the remainder when 987857 is divided by 285?
47
What is the remainder when 23722514 is divided by 11861255?
4
Calculate the remainder when 160010 is divided by 79949.
112
Calculate the remainder when 970154 is divided by 409.
6
Calculate the remainder when 13618173 is divided by 572.
569
What is the remainder when 4260869 is divided by 392?
221
Calculate the remainder when 362880 is divided by 2999.
1
What is the remainder when 30250 is divided by 27018?
3232
Calculate the remainder when 2551813 is divided by 8367.
8245
What is the remainder when 376344080 is divided by 24224?
16
Calculate the remainder when 8864 is divided by 14.
2
Calculate the remainder when 2870545 is divided by 2134.
315
Calculate the remainder when 8033418 is divided by 112.
106
Calculate the remainder when 2036757 is divided by 1285.
32
Calculate the remainder when 686937 is divided by 246.
105
Calculate the remainder when 1961220 is divided by 1961200.
20
Calculate the remainder when 92148809 is divided by 2434.
3
What is the remainder when 126405 is divided by 2005?
90
What is the remainder when 463041 is divided by 551?
201
What is the remainder when 57081244 is divided by 14270308?
12
What is the remainder when 7444726 is divided by 206794?
142
What is the remainder when 36832 is divided by 3391?
2922
Calculate the remainder when 3843806 is divided by 4403.
4390
What is the remainder when 1392354 is divided by 56?
26
Calculate the remainder when 1038226 is divided by 45.
31
What is the remainder when 1454221 is divided by 242353?
103
What is the remainder when 55071 is divided by 127?
80
Calculate the remainder when 6353029 is divided by 28.
25
Calculate the remainder when 62067 is divided by 57777.
4290
What is the remainder when 487221 is divided by 14324?
205
Calculate the remainder when 94933509 is divided by 23.
20
Calculate the remainder when 8322583 is divided by 54.
49
Calculate the remainder when 45224264 is divided by 8504.
8496
What is the remainder when 30257322 is divided by 175?
172
Calculate the remainder when 4526144 is divided by 3471.
3431
What is the remainder when 82089 is divided by 27260?
309
What is the remainder when 150848649 is divided by 7939402?
11
Calculate the remainder when 88261531 is divided by 4399.
4394
Calculate the remainder when 22945 is divided by 22915.
30
What is the remainder when 7529344 is divided by 30732?
4
Calculate the remainder when 40525 is divided by 614.
1
Calculate the remainder when 1815660 is divided by 31.
21
Calculate the remainder when 592083 is divided by 2007.
18
What is the remainder when 14130349 is divided by 50?
49
What is the remainder when 65438992 is divided by 8607?
8578
Calculate the remainder when 869701 is divided by 6348.
25
Calculate the remainder when 2197512 is divided by 9042.
306
Calculate the remainder when 792461248 is divided by 5250.
5248
What is the remainder when 147953740 is divided by 38?
18
Calculate the remainder when 1679803 is divided by 978.
577
Calculate the remainder when 52941125 is divided by 216.
173
What is the remainder when 193574860 is divided by 2707?
2704
What is the remainder when 1679 is divided by 92?
23
What is the remainder when 1576668 is divided by 328?
300
What is the remainder when 11642 is divided by 2316?
62
Calculate the remainder when 3873 is divided by 3581.
292
Calculate the remainder when 39624 is divided by 35348.
4276
Calculate the remainder when 181308 is divided by 103.
28
What is the remainder when 6400931 is divided by 506?
31
What is the remainder when 170932597 is divided by 1226?
1225
What is the remainder when 12244121 is divided by 382627?
57
What is the remainder when 4759099 is divided by 16582?
65
What is the remainder when 75363079 is divided by 1480?
1479
Calculate the remainder when 30710 is divided by 5817.
1625
What is the remainder when 340229669 is divided by 33?
32
What is the remainder when 80825 is divided by 40121?
583
Calculate the remainder when 12157129 is divided by 6078555.
19
Calculate the remainder when 344041 is divided by 7801.
797
Calculate the remainder when 1458426 is divided by 3779.
3511
Calculate the remainder when 606231 is divided by 303092.
47
What is the remainder when 40316 is divided by 7762?
1506
Calculate the remainder when 6360578 is divided by 1081.
1055
Calculate 